j(m) = 6*c(m) - 11*l(m). What is j(0)?
-2
Suppose 39*k = 34*k + 15. Suppose -3*y + 4*y = -2*n - 10, -2*n - 30 = k*y. Let h(l) = -2*l + 5. Calculate h(y).
25
Let c(r) = -30*r**2 + 1. Suppose -13*h = -21*h - 3544. Let f = 442 + h. Give c(f).
-29
Let t(s) = 3*s**3 + 3*s**2 - 43*s - 23. Let k(x) = -4*x**3 + 2*x**2 + 43*x + 25. Let l(d) = 4*k(d) + 5*t(d). Determine l(21).
-36
Let h(t) = -16 + 28 - 32*t + 19 + 7. Give h(1).
6
Let l(d) = d + 23. Suppose 487 = 6*p + 2287. Let g = p + 289. What is l(g)?
12
Let a(y) be the second derivative of y**5/20 - 3*y**4/4 + 7*y**3/6 + 9*y**2/2 + 2*y. Suppose -5*f = c - 64 + 21, -4*c - 5*f + 67 = 0. Give a(c).
1
Let o(u) = 988*u + 987*u - u**3 - 2966*u + 4 + 992*u - u**2. Let z = 7 - 12. Let y = z - -5. Give o(y).
4
Let n(k) = -9*k - 7. Let x(y) = 5*y + 3. Let c = 34 + -16. Let a = 21 - c. Let l(b) = a*n(b) + 5*x(b). Give l(-6).
6
Let g(n) = n**3 - 6*n. Let f(s) = -2*s**3 - s**2 + 11*s. Let v(i) = 3*f(i) + 5*g(i). Let x = -163 + 85. Let z = -81 - x. Give v(z).
-9
Let x(p) = 12*p**3 + 2*p**2 - 4*p + 5. Let l(r) = -11*r**3 - 2*r**2 + 3*r - 4. Let b(f) = -5*l(f) - 4*x(f). Suppose -1043 = 512*d + 218*d - 313. Determine b(d).
-6
Let w(j) = -2 + j**2 + j**2 + 4 + 8*j. Suppose 138*z - 27 = 147*z. What is w(z)?
-4
Let y(p) = 3*p**3 - 6*p**2 - 8*p - 18. Let w(z) = -z**3 + z**2 + 3*z + 10. Let n(q) = 5*w(q) + 2*y(q). Give n(6).
-28
Suppose -13*b + 118 = 92. Suppose -b*k - 30 = -17*k. Let q(l) = -l**3 - l**2 + 3*l + 1. What is q(k)?
-5
Let n = 3030 - 3036. Let s(w) = w**2 + 4*w - 10. Calculate s(n).
2
Let q(u) be the third derivative of u**6/20 - 11*u**5/60 + u**4/24 + u**3/2 + 2*u**2 + 1794. Calculate q(3).
69
Let w = -5 + 1. Let k(v) = v - 5*v - v**3 - 4*v**2 - 20 - v**2 + 21. Give k(w).
1
Let s(z) = -2*z + 5*z + 12 - 4*z. Suppose -5*h - 22 - 5 = -2*r, -3 = h. What is s(r)?
6
Let f = 5604 - 5620. Let n(m) = 4*m + 7. Give n(f).
-57
Let u = -6230 - -6221. Let q(y) = -11*y - 82. What is q(u)?
17
Let c(u) = -2*u + 20. Suppose -10*s + 88 = 2*s - s. Calculate c(s).
4
Let b(z) = 17*z**2 - 8*z - 102. Let v(r) = -12*r**2 + 5*r + 72. Let y(x) = -5*b(x) - 7*v(x). What is y(3)?
12
Let q be ((-225)/50 + 4 + 0)*8. Let t(h) = h**3 + 4*h**2 - 6*h - 13. Determine t(q).
11
Let y(p) = -p**2 + p + 2. Let n = 298 + -362. Let z = n - -62. Determine y(z).
-4
Let a(z) = -3*z**2 + 10 - 7*z - 32*z + 10*z. Let r(i) = 33927*i + 33917. Let q be r(-1). Give a(q).
0
Let c(b) = 4*b - 191. Let d(v) = -v + 102. Let u(n) = -3*c(n) - 5*d(n). Calculate u(11).
-14
Let p(b) = 6*b - 1. Suppose 16 = -17*y - 16*y + 17*y. Give p(y).
-7
Let x(s) = 40*s**2 + 12*s**2 - 76*s - 54*s**2 - 2 - 2*s**3 + 79*s. Determine x(2).
-20
Let x = 191 - 187. Suppose -n + 4*k + 3 = 4, -2*n + x*k + 2 = 0. Let b(h) = h + 3. What is b(n)?
6
Let q(b) = 0*b**2 - 4*b**2 + 4*b**2 - 168 + b**2 - 5*b + 174. Let l = -181 - -184. Give q(l).
0
Let d be 1/(-2) - 2/(4/(-9)). Let m(c) = 4 - 8 - d*c - c**2 + 8*c. Let x(t) = t**2 + 14*t - 10. Let g be x(-15). Calculate m(g).
-9
Let p(h) = -77*h - 228. Suppose -403*m + 398*m + 41 = -2*n, 3*n + 2*m = 5. What is p(n)?
3
Let w(f) = -13703*f**2 - 2 - 13709*f**2 - 7*f + 27411*f**2. Give w(-9).
-20
Let h(p) = 11*p - 50. Let v = 444 - 440. Determine h(v).
-6
Let l(d) be the second derivative of 1/12*d**4 + 3/2*d**2 - 5 + 1/6*d**3 + 20*d. Determine l(-2).
5
Let p(s) = 6*s**3 - 3*s**2 - 2*s + 1. Let v(d) = -5*d**3 + 3*d**2 + d. Let l(m) = 4*p(m) + 5*v(m). Let y be (-192)/224*21/(-6). Give l(y).
-5
Suppose -3*a = -4*a + 2*w + 26, 111 = 4*a - w. Let g(b) = 0 + 50*b**2 - a*b**2 + b**3 + 1 - 31*b**2. What is g(9)?
1
Let c(s) = -5*s + 73. Suppose 2*u - 51 = 5*v, 0 = -u + 5*v + 38. What is c(u)?
8
Let k(s) = 12*s**3 - 205*s**2 + 18*s - 17. Let c be k(17). Let f(l) = 12*l - 5. Give f(c).
-5
Let b(r) = -r**2 + 1. Let z be (1 + -2)/(2/14) + 8. What is b(z)?
0
Let c(l) = -13*l**2 + l - 1. Let m(p) = -27*p**2 + 8*p + 1. Let z(w) = -2*c(w) + m(w). Calculate z(8).
-13
Suppose 0 = 10*u - 12*u + 2*a - 20, 2*a + 10 = 0. Let b(r) = r**3 + 16*r**2 + 13*r - 33. What is b(u)?
-3
Let p(g) be the first derivative of -g**4/4 - 17*g**3/3 - 5*g**2/2 - 105*g + 10293. Determine p(-17).
-20
Let z = 35 - 30. Suppose -3*s - q + 35 = -5*q, 5*q = -z*s. Let f(h) = -5 - s + 0 - 7*h + 0 - h**2. Calculate f(-7).
-10
Let n(k) = -7*k**2 + k - 4. Let b(i) = 6*i**2 - i + 3. Let s be 10/30 - 112/(-6). Suppose -2*q + s = 27. Let t(g) = q*b(g) - 3*n(g). Give t(3).
-24
Let b = 150 - 146. Suppose -4*r = -2*v + 26, -b*v + 9 = -3*r - 3. Let m(j) = -j**2 - 5*j + 16. Calculate m(r).
-8
Suppose -2*j = -3*i - 15, 0 = -j - 2*i + 1 - 4. Let w(h) = -8 - 10 - h**j + 17 + 7*h**2 - 4*h - 4. Determine w(6).
7
Suppose 6 = 2*l + 2. Suppose -l*v = 2 - 6. Let x(r) = 8 + 3*r - v*r - 10 + r**2. Calculate x(0).
-2
Let v be 116/58 - (0 + 2 + -2). Let g(l) = 3 - 89*l**v + 11*l + 88*l**2 - 6. Let h(o) = 3*o - 8. Let u be h(6). Calculate g(u).
7
Let w(n) = n + 17 - 23 + 0*n**2 + n**3 + 5*n**2 - n**2. Let u be w(-3). Suppose -3*r - 5*g + 10 - 2 = u, -g - 8 = 3*r. Let y(c) = 4*c + 2. Calculate y(r).
-14
Let y(l) = -l - 136. Let f(b) = -2*b - 316. Let t(u) = 3*f(u) - 7*y(u). Suppose -18 = -2*k + 2. Give t(k).
14
Let p = -16520 - -16550. Let q(b) = b**2 - 28*b - 66. Give q(p).
-6
Let w(g) = 4 + 3*g - 6*g**2 + 0*g**3 - g**3 + 1 + 0*g. Suppose 2*c + 6 = 12. Suppose -q + 4 = -2*y, -5*y - 55 = 8*q - c*q. What is w(q)?
-13
Let h(w) = 5*w + 22. Let i(k) = 2*k + 8. Suppose 9*c + 11 + 88 = 0. Let g(s) = c*i(s) + 4*h(s). Suppose -n = -4*r - 3, 3*n + 1 = 3*r - n. Calculate g(r).
2
Let z(g) be the third derivative of g**6/120 + g**5/5 - 7*g**4/12 - 4*g**3/3 - 3212*g**2. What is z(-13)?
5
Let w(o) = o**2 - o + 8. Let z be 3/(-9)*-1 - 22/(-6). Suppose z*r + 0*r = 2*q, -3*r - 4*q = 0. Give w(r).
8
Let q(y) = -6*y**2 + 4 - y**3 - 3 + 5 - 3*y. Let a be q(-5). Let c(t) be the first derivative of -t**4/4 - t**3 + 5*t**2/2 + 153155. Give c(a).
-4
Suppose 0 = -2*d + j + 9, 3*j + 5 = 2*d + 6. Let z(t) = t**3 - 4*t**2 - 9*t + 9. Determine z(d).
93
Let j(h) = h + 1. Let p = 36 - -27. Let r = -67 + p. Let k(q) = 2*q + 8. Let x be k(r). What is j(x)?
1
Suppose 47*h - 12 - 82 = 0. Let b(f) = 5*f - 4. Let n(l) = 11*l - 9. Let m(s) = -13*b(s) + 6*n(s). Give m(h).
0
Suppose a = 23*a - 44. Suppose 5*x - a*x = 24. Let t(c) = c + 7. Calculate t(x).
15
Let j(f) be the second derivative of -f**7/2520 + 7*f**6/720 + 21*f**4/4 - 2*f + 28. Let g(b) be the third derivative of j(b). What is g(7)?
0
Let c(g) = -g - 15. Let i(z) = -2*z - 22. Let b(w) = -7*c(w) + 5*i(w). Suppose 432 = -7*q + 15*q. Let f = 50 - q. Determine b(f).
7
Let z(g) = g**2 - 6*g - 11. Suppose -h - 208 = 3*m - 15, 3*m + 585 = -3*h. Let c be h/49*(-14)/8. What is z(c)?
-4
Let o(c) = c**3 + 1 + 0*c**3 + 6*c**2 - 2*c**2. Let h = 840 + -844. What is o(h)?
1
Let i(d) be the third derivative of d**5/60 + 7*d**4/24 + 5*d**3/6 - d**2. Let t be (-736)/(-19504) - 640/106. Give i(t).
-1
Let u(d) = -d**2 - 19*d - 81. Let f be u(-11). Let k(w) = -14*w - 15*w - 10 + 37*w - f*w. Let m(b) = -b**2 + 6*b + 4. Let t be m(5). What is k(t)?
-1
Let h(f) = f**2 + 54*f + 399. Let y be h(-9). Let c(l) = l**3 + 8*l**2 + 6*l - 10. Calculate c(y).
26
Suppose -32*z + 225 - 77 = -140. Let n(i) = -i**3 + 9*i**2 - i + 8. Give n(z).
-1
Let r = 9112 - 9115. Let p(s) = -5*s - 7. Calculate p(r).
8
Let o be (-14)/3*(-10)/((-40)/(-204)). Let l = o - 241. Let j(v) = 4*v + 3. Give j(l).
-9
Let d(n) = -7*n - 70. Let h(t) = -82*t - 2966. Let v be h(-36). What is d(v)?
28
Let q(g) be the second derivative of g**5/15 - g**4/24 - g**3/2 + 3*g**2/2 - 22*g - 1. Let i(r) be the first derivative of q(r). What is i(2)?
11
Let x(h) be the second derivative of -h**3/6 - 29*h**2/2 + 28*h + 24. Give x(-14).
-15
Let t(s) = 11*s - 18. Let h(z) be the first derivative of -3*z**2 + 10*z - 40. Let n(p) = 5*h(p) + 3*t(p). Let y = -1 - -4. What is n(y)?
5
Let p(o) = -o**3 - 16*o**2 + 3*o + 40. Let b be (52/(-65))/(6/(-240)*(1 + -3)). Give p(b).
-8
Suppose -3*o - 7 = 4*s - 3, 0 = -o - 4. Suppose a - 4*k = 209, 6*k = -a + s*k + 241. Let r(b) = -3*b + 444 - 220 - a. What is r(-4)?
11
Let k = -3441 + 3437. Let a(d) = -d**3 + 10*d - 2. Give a(k).
22
Let o(r) = -r**2 - 5*r + 87. Let l be o(7). Let n(u) = -u**l + 31*u + 36*u - 9*u**2 - 58*u. Calculate n(-10).
10
